{"id":126,"date":"2022-05-16T09:31:04","date_gmt":"2022-05-16T07:31:04","guid":{"rendered":"http:\/\/pierreromain.pro\/?page_id=126"},"modified":"2022-07-11T10:47:42","modified_gmt":"2022-07-11T08:47:42","slug":"property-manager","status":"publish","type":"page","link":"https:\/\/pierreromain.pro\/index.php\/property-manager\/","title":{"rendered":"Project Manager"},"content":{"rendered":"\n<h3>Recherche, Structuration, am\u00e9nagement,\u2026 de vos espaces de travail.<\/h3>\n\n\n\n<ul><li>Prise en main compl\u00e8te ou partielle de l\u2019am\u00e9nagement de votre espace de travail.<\/li><li>De la recherche du site \u00e0 l\u2019accueil de vos employ\u00e9s.<\/li><li>Finalisation des documents administratifs ( divers contrats ).<\/li><li>Am\u00e9nagement complet ou partiel ( r\u00e9ception, surfaces bureaux, data, d\u00e9tente, \u2026 ).<\/li><li>Utilisation optimale des surfaces tout en gardant un esprit de confort.<\/li><li>Respecter les budgets pr\u00e9\u00e9tablis.<\/li><li>Style personnalis\u00e9 en ad\u00e9quation avec la culture de l\u2019 entreprise.<\/li><li>D\u00e9m\u00e9nagement interne ou externe.<\/li><li>Tandem Management<\/li><li>Aides sp\u00e9cifiques aux Start-up et Spin-off.<\/li><\/ul>\n","protected":false},"excerpt":{"rendered":"<p>Recherche, Structuration, am\u00e9nagement,\u2026 de vos espaces de travail. Prise en main compl\u00e8te ou partielle de l\u2019am\u00e9nagement de votre espace de travail. De la recherche du site \u00e0 l\u2019accueil de vos employ\u00e9s. Finalisation des documents administratifs ( divers contrats ). Am\u00e9nagement complet ou partiel ( r\u00e9ception, surfaces bureaux, data, d\u00e9tente, \u2026 [&hellip;]<\/p>\n","protected":false},"author":1,"featured_media":0,"parent":0,"menu_order":0,"comment_status":"closed","ping_status":"closed","template":"","meta":[],"_links":{"self":[{"href":"https:\/\/pierreromain.pro\/index.php\/wp-json\/wp\/v2\/pages\/126"}],"collection":[{"href":"https:\/\/pierreromain.pro\/index.php\/wp-json\/wp\/v2\/pages"}],"about":[{"href":"https:\/\/pierreromain.pro\/index.php\/wp-json\/wp\/v2\/types\/page"}],"author":[{"embeddable":true,"href":"https:\/\/pierreromain.pro\/index.php\/wp-json\/wp\/v2\/users\/1"}],"replies":[{"embeddable":true,"href":"https:\/\/pierreromain.pro\/index.php\/wp-json\/wp\/v2\/comments?post=126"}],"version-history":[{"count":3,"href":"https:\/\/pierreromain.pro\/index.php\/wp-json\/wp\/v2\/pages\/126\/revisions"}],"predecessor-version":[{"id":178,"href":"https:\/\/pierreromain.pro\/index.php\/wp-json\/wp\/v2\/pages\/126\/revisions\/178"}],"wp:attachment":[{"href":"https:\/\/pierreromain.pro\/index.php\/wp-json\/wp\/v2\/media?parent=126"}],"curies":[{"name":"wp","href":"https:\/\/api.w.org\/{rel}","templated":true}]}}