{"id":183,"date":"2022-10-03T11:05:43","date_gmt":"2022-10-03T09:05:43","guid":{"rendered":"http:\/\/pierreromain.pro\/?page_id=183"},"modified":"2024-05-14T09:42:18","modified_gmt":"2024-05-14T07:42:18","slug":"gestion-de-lenvironement","status":"publish","type":"page","link":"https:\/\/pierreromain.pro\/index.php\/gestion-de-lenvironement\/","title":{"rendered":"Gestion de l&rsquo;environement"},"content":{"rendered":"\n<h3>Mon expertise en ce domaine est plus que justifi\u00e9e.<\/h3>\n\n\n\n<h4>Visiter le site de notre start-up bruxelloise\u00a0<\/h4>\n\n\n\n<p>greensolution.pro,&nbsp;c\u2019est l\u2019utilisation d\u2019une gamme de produits issus de la&nbsp;Biotechnologie&nbsp;&amp; la&nbsp;Nanotechnologie&nbsp;pour des solutions orient\u00e9es r\u00e9sultats pour&nbsp;<strong>Nettoyer<\/strong>&nbsp;&nbsp;&amp;&nbsp;<strong>Restaurer<\/strong>&nbsp;votre Patrimoine&nbsp;<strong>Immobilier<\/strong>&nbsp;&amp;&nbsp;<strong>Mobilier<\/strong>.<\/p>\n\n\n\n<p>Ecologique\u00a0&amp;\u00a0\u00a0Efficace<\/p>\n\n\n\n<figure class=\"is-layout-flex wp-block-gallery-1 wp-block-gallery has-nested-images columns-default is-cropped\">\n<figure class=\"wp-block-image size-large\"><img decoding=\"async\" loading=\"lazy\" width=\"1024\" height=\"568\" data-id=\"279\"  src=\"https:\/\/pierreromain.pro\/wp-content\/uploads\/2024\/05\/Screenshot_20240514_093418-1024x568.jpg\" alt=\"\" class=\"wp-image-279\" srcset=\"https:\/\/pierreromain.pro\/wp-content\/uploads\/2024\/05\/Screenshot_20240514_093418-1024x568.jpg 1024w, https:\/\/pierreromain.pro\/wp-content\/uploads\/2024\/05\/Screenshot_20240514_093418-300x166.jpg 300w, https:\/\/pierreromain.pro\/wp-content\/uploads\/2024\/05\/Screenshot_20240514_093418-768x426.jpg 768w, https:\/\/pierreromain.pro\/wp-content\/uploads\/2024\/05\/Screenshot_20240514_093418.jpg 1080w\" sizes=\"(max-width: 1024px) 100vw, 1024px\" \/><\/figure>\n<\/figure>\n\n\n\n<figure class=\"wp-block-image size-large\"><img decoding=\"async\" loading=\"lazy\" width=\"1024\" height=\"758\" src=\"https:\/\/pierreromain.pro\/wp-content\/uploads\/2024\/05\/Screenshot_20240514_093519-1024x758.jpg\" alt=\"\" class=\"wp-image-280\" srcset=\"https:\/\/pierreromain.pro\/wp-content\/uploads\/2024\/05\/Screenshot_20240514_093519-1024x758.jpg 1024w, https:\/\/pierreromain.pro\/wp-content\/uploads\/2024\/05\/Screenshot_20240514_093519-300x222.jpg 300w, https:\/\/pierreromain.pro\/wp-content\/uploads\/2024\/05\/Screenshot_20240514_093519-768x568.jpg 768w, https:\/\/pierreromain.pro\/wp-content\/uploads\/2024\/05\/Screenshot_20240514_093519.jpg 1080w\" sizes=\"(max-width: 1024px) 100vw, 1024px\" \/><\/figure>\n\n\n\n<p><\/p>\n\n\n\n<p><strong>D\u00e9veloppement Durable<\/strong><\/p>\n\n\n\n<p>\u00a0\u00bb Un d\u00e9veloppement qui r\u00e9pond aux besoins du pr\u00e9sent sans compromettre la capacit\u00e9 des g\u00e9n\u00e9rations futurs \u00e0 r\u00e9pondre aux leurs \u00ab\u00a0<\/p>\n\n\n\n<figure class=\"wp-block-image size-large\"><img decoding=\"async\" loading=\"lazy\" width=\"1024\" height=\"975\" src=\"http:\/\/pierreromain.pro\/wp-content\/uploads\/2022\/10\/1280px-Schema_du_developpement_durable.svg_-1024x975.png\" alt=\"\" class=\"wp-image-215\" srcset=\"https:\/\/pierreromain.pro\/wp-content\/uploads\/2022\/10\/1280px-Schema_du_developpement_durable.svg_-1024x975.png 1024w, https:\/\/pierreromain.pro\/wp-content\/uploads\/2022\/10\/1280px-Schema_du_developpement_durable.svg_-300x286.png 300w, https:\/\/pierreromain.pro\/wp-content\/uploads\/2022\/10\/1280px-Schema_du_developpement_durable.svg_-768x731.png 768w, https:\/\/pierreromain.pro\/wp-content\/uploads\/2022\/10\/1280px-Schema_du_developpement_durable.svg_.png 1280w\" sizes=\"(max-width: 1024px) 100vw, 1024px\" \/><\/figure>\n\n\n\n<p><\/p>\n\n\n\n<p><\/p>\n\n\n\n<p><strong>Technologie du Verre &#8211; Chauffant  &amp;  Solaire<\/strong><\/p>\n\n\n\n<figure class=\"is-layout-flex wp-block-gallery-3 wp-block-gallery has-nested-images columns-default is-cropped\">\n<figure class=\"wp-block-image size-large\"><img decoding=\"async\" loading=\"lazy\" width=\"801\" height=\"969\" data-id=\"203\"  src=\"http:\/\/pierreromain.pro\/wp-content\/uploads\/2022\/10\/Screenshot_20220826_140931_com.android.chrome_edit_426842633267.jpg\" alt=\"\" class=\"wp-image-203\" srcset=\"https:\/\/pierreromain.pro\/wp-content\/uploads\/2022\/10\/Screenshot_20220826_140931_com.android.chrome_edit_426842633267.jpg 801w, https:\/\/pierreromain.pro\/wp-content\/uploads\/2022\/10\/Screenshot_20220826_140931_com.android.chrome_edit_426842633267-248x300.jpg 248w, https:\/\/pierreromain.pro\/wp-content\/uploads\/2022\/10\/Screenshot_20220826_140931_com.android.chrome_edit_426842633267-768x929.jpg 768w\" sizes=\"(max-width: 801px) 100vw, 801px\" \/><\/figure>\n<\/figure>\n\n\n\n<figure class=\"is-layout-flex wp-block-gallery-5 wp-block-gallery has-nested-images columns-default is-cropped\">\n<figure class=\"wp-block-image size-large\"><img decoding=\"async\" loading=\"lazy\" width=\"806\" height=\"552\" data-id=\"204\"  src=\"http:\/\/pierreromain.pro\/wp-content\/uploads\/2022\/10\/Screenshot_20220829_145757_com.android.chrome_edit_98973837599480.jpg\" alt=\"\" class=\"wp-image-204\" srcset=\"https:\/\/pierreromain.pro\/wp-content\/uploads\/2022\/10\/Screenshot_20220829_145757_com.android.chrome_edit_98973837599480.jpg 806w, https:\/\/pierreromain.pro\/wp-content\/uploads\/2022\/10\/Screenshot_20220829_145757_com.android.chrome_edit_98973837599480-300x205.jpg 300w, https:\/\/pierreromain.pro\/wp-content\/uploads\/2022\/10\/Screenshot_20220829_145757_com.android.chrome_edit_98973837599480-768x526.jpg 768w\" sizes=\"(max-width: 806px) 100vw, 806px\" \/><\/figure>\n<\/figure>\n\n\n\n<figure class=\"is-layout-flex wp-block-gallery-7 wp-block-gallery has-nested-images columns-default is-cropped\">\n<figure class=\"wp-block-image size-large\"><img decoding=\"async\" loading=\"lazy\" width=\"921\" height=\"645\" data-id=\"207\"  src=\"http:\/\/pierreromain.pro\/wp-content\/uploads\/2022\/10\/Screenshot_20220826_155816_com.android.chrome_edit_349625581708629.jpg\" alt=\"\" class=\"wp-image-207\" srcset=\"https:\/\/pierreromain.pro\/wp-content\/uploads\/2022\/10\/Screenshot_20220826_155816_com.android.chrome_edit_349625581708629.jpg 921w, https:\/\/pierreromain.pro\/wp-content\/uploads\/2022\/10\/Screenshot_20220826_155816_com.android.chrome_edit_349625581708629-300x210.jpg 300w, https:\/\/pierreromain.pro\/wp-content\/uploads\/2022\/10\/Screenshot_20220826_155816_com.android.chrome_edit_349625581708629-768x538.jpg 768w\" sizes=\"(max-width: 921px) 100vw, 921px\" \/><\/figure>\n<\/figure>\n\n\n\n<p><\/p>\n\n\n\n<p><\/p>\n\n\n\n<p><strong>R\u00e9versibilit\u00e9 des B\u00e2timents &amp; Am\u00e9nagement<\/strong><\/p>\n\n\n\n<figure class=\"is-layout-flex wp-block-gallery-9 wp-block-gallery has-nested-images columns-default is-cropped\">\n<figure class=\"wp-block-image size-large\"><img decoding=\"async\" loading=\"lazy\" width=\"926\" height=\"423\" data-id=\"209\"  src=\"http:\/\/pierreromain.pro\/wp-content\/uploads\/2022\/10\/Screenshot_20221003_123936_com.android.chrome_edit_352799653854499.jpg\" alt=\"\" class=\"wp-image-209\" srcset=\"https:\/\/pierreromain.pro\/wp-content\/uploads\/2022\/10\/Screenshot_20221003_123936_com.android.chrome_edit_352799653854499.jpg 926w, https:\/\/pierreromain.pro\/wp-content\/uploads\/2022\/10\/Screenshot_20221003_123936_com.android.chrome_edit_352799653854499-300x137.jpg 300w, https:\/\/pierreromain.pro\/wp-content\/uploads\/2022\/10\/Screenshot_20221003_123936_com.android.chrome_edit_352799653854499-768x351.jpg 768w\" sizes=\"(max-width: 926px) 100vw, 926px\" \/><\/figure>\n<\/figure>\n\n\n\n<p><\/p>\n\n\n\n<p><\/p>\n\n\n\n<p><\/p>\n\n\n\n<p><strong>Economie Circulaire &#8211; Eco-dynamisme<\/strong><\/p>\n\n\n\n<p>Int\u00e9grer la question environnementale dans une organisation existante ou \u00e0 venir<\/p>\n\n\n\n<figure class=\"wp-block-image size-large\"><img decoding=\"async\" loading=\"lazy\" width=\"1024\" height=\"805\" src=\"http:\/\/pierreromain.pro\/wp-content\/uploads\/2022\/10\/Screenshot_20221003_124420_com.android.chrome_edit_352762724472213-1024x805.jpg\" alt=\"\" class=\"wp-image-211\" srcset=\"https:\/\/pierreromain.pro\/wp-content\/uploads\/2022\/10\/Screenshot_20221003_124420_com.android.chrome_edit_352762724472213-1024x805.jpg 1024w, https:\/\/pierreromain.pro\/wp-content\/uploads\/2022\/10\/Screenshot_20221003_124420_com.android.chrome_edit_352762724472213-300x236.jpg 300w, https:\/\/pierreromain.pro\/wp-content\/uploads\/2022\/10\/Screenshot_20221003_124420_com.android.chrome_edit_352762724472213-768x604.jpg 768w, https:\/\/pierreromain.pro\/wp-content\/uploads\/2022\/10\/Screenshot_20221003_124420_com.android.chrome_edit_352762724472213.jpg 1080w\" sizes=\"(max-width: 1024px) 100vw, 1024px\" \/><figcaption class=\"wp-element-caption\"><br><br><strong>Mise aux normes des b\u00e2timents<\/strong><\/figcaption><\/figure>\n\n\n\n<figure class=\"wp-block-image size-large\"><img decoding=\"async\" loading=\"lazy\" width=\"1024\" height=\"523\" src=\"http:\/\/pierreromain.pro\/wp-content\/uploads\/2022\/10\/Screenshot_20221003_124818_com.android.chrome_edit_352745171815966-1024x523.jpg\" alt=\"\" class=\"wp-image-212\" srcset=\"https:\/\/pierreromain.pro\/wp-content\/uploads\/2022\/10\/Screenshot_20221003_124818_com.android.chrome_edit_352745171815966-1024x523.jpg 1024w, https:\/\/pierreromain.pro\/wp-content\/uploads\/2022\/10\/Screenshot_20221003_124818_com.android.chrome_edit_352745171815966-300x153.jpg 300w, https:\/\/pierreromain.pro\/wp-content\/uploads\/2022\/10\/Screenshot_20221003_124818_com.android.chrome_edit_352745171815966-768x393.jpg 768w, https:\/\/pierreromain.pro\/wp-content\/uploads\/2022\/10\/Screenshot_20221003_124818_com.android.chrome_edit_352745171815966.jpg 1080w\" sizes=\"(max-width: 1024px) 100vw, 1024px\" \/><\/figure>\n\n\n\n<p><\/p>\n\n\n\n<p><\/p>\n\n\n\n<h4>Une autre vision de l\u2019\u00e9olien\u2026 c\u2019est notre vision, nos conseils, nos applications.<\/h4>\n\n\n\n<figure class=\"wp-block-image\"><img decoding=\"async\" src=\"http:\/\/bluecount.pro\/wp-content\/uploads\/2019\/05\/lotus_inner_image.png\" alt=\"\" class=\"wp-image-256\"\/><\/figure>\n\n\n\n<p><\/p>\n\n\n\n<p><\/p>\n\n\n\n<h4>Les solutions les plus simples sont souvent les meilleurs !<\/h4>\n\n\n\n<figure class=\"wp-block-image\"><img decoding=\"async\" src=\"http:\/\/bluecount.pro\/wp-content\/uploads\/2019\/05\/60692417_605623689922659_8743365138939117568_n.jpg\" alt=\"\" class=\"wp-image-243\"\/><\/figure>\n","protected":false},"excerpt":{"rendered":"<p>Mon expertise en ce domaine est plus que justifi\u00e9e. Visiter le site de notre start-up bruxelloise\u00a0 greensolution.pro,&nbsp;c\u2019est l\u2019utilisation d\u2019une gamme de produits issus de la&nbsp;Biotechnologie&nbsp;&amp; la&nbsp;Nanotechnologie&nbsp;pour des solutions orient\u00e9es r\u00e9sultats pour&nbsp;Nettoyer&nbsp;&nbsp;&amp;&nbsp;Restaurer&nbsp;votre Patrimoine&nbsp;Immobilier&nbsp;&amp;&nbsp;Mobilier. Ecologique\u00a0&amp;\u00a0\u00a0Efficace D\u00e9veloppement Durable \u00a0\u00bb Un d\u00e9veloppement qui r\u00e9pond aux besoins du pr\u00e9sent sans compromettre la capacit\u00e9 des g\u00e9n\u00e9rations [&hellip;]<\/p>\n","protected":false},"author":1,"featured_media":0,"parent":0,"menu_order":0,"comment_status":"closed","ping_status":"closed","template":"","meta":[],"_links":{"self":[{"href":"https:\/\/pierreromain.pro\/index.php\/wp-json\/wp\/v2\/pages\/183"}],"collection":[{"href":"https:\/\/pierreromain.pro\/index.php\/wp-json\/wp\/v2\/pages"}],"about":[{"href":"https:\/\/pierreromain.pro\/index.php\/wp-json\/wp\/v2\/types\/page"}],"author":[{"embeddable":true,"href":"https:\/\/pierreromain.pro\/index.php\/wp-json\/wp\/v2\/users\/1"}],"replies":[{"embeddable":true,"href":"https:\/\/pierreromain.pro\/index.php\/wp-json\/wp\/v2\/comments?post=183"}],"version-history":[{"count":10,"href":"https:\/\/pierreromain.pro\/index.php\/wp-json\/wp\/v2\/pages\/183\/revisions"}],"predecessor-version":[{"id":281,"href":"https:\/\/pierreromain.pro\/index.php\/wp-json\/wp\/v2\/pages\/183\/revisions\/281"}],"wp:attachment":[{"href":"https:\/\/pierreromain.pro\/index.php\/wp-json\/wp\/v2\/media?parent=183"}],"curies":[{"name":"wp","href":"https:\/\/api.w.org\/{rel}","templated":true}]}}