{"id":250,"date":"2023-02-13T11:49:52","date_gmt":"2023-02-13T10:49:52","guid":{"rendered":"http:\/\/pierreromain.pro\/?page_id=250"},"modified":"2025-09-08T11:40:24","modified_gmt":"2025-09-08T09:40:24","slug":"asbl-la-memoire-des-maitres-verriers-be","status":"publish","type":"page","link":"https:\/\/pierreromain.pro\/index.php\/asbl-la-memoire-des-maitres-verriers-be\/","title":{"rendered":"Asbl La M\u00e9moire des Ma\u00eetres Verriers .be"},"content":{"rendered":"\n<p><strong>Pr\u00e9sident de l&rsquo;asbl<\/strong>.<\/p>\n\n\n\n<p><\/p>\n\n\n\n<p>Mise en lumi\u00e8re du pass\u00e9, du pr\u00e9sent et du futur du verre.\u00a9<\/p>\n\n\n\n<p>Mise en lumi\u00e8re de Lodelinsart, Capitale Historique du Verre Belge.\u00a9<\/p>\n\n\n\n<p>Gardien du Patrimoine Verrier Belge.\u00a9<\/p>\n\n\n\n<p>Porteur de la M\u00e9moire du Verre Belge.\u00a9<\/p>\n\n\n\n<p><\/p>\n\n\n\n<figure class=\"wp-block-image size-full\"><img decoding=\"async\" loading=\"lazy\" width=\"552\" height=\"518\" src=\"https:\/\/pierreromain.pro\/wp-content\/uploads\/2025\/09\/542755744_1234763885359680_4075902918874750355_n.jpg\" alt=\"\" class=\"wp-image-319\" srcset=\"https:\/\/pierreromain.pro\/wp-content\/uploads\/2025\/09\/542755744_1234763885359680_4075902918874750355_n.jpg 552w, https:\/\/pierreromain.pro\/wp-content\/uploads\/2025\/09\/542755744_1234763885359680_4075902918874750355_n-300x282.jpg 300w\" sizes=\"(max-width: 552px) 100vw, 552px\" \/><\/figure>\n\n\n\n<p><\/p>\n\n\n\n<p>Organisateur des Journ\u00e9es Europ\u00e9ennes du Patrimoine.<\/p>\n\n\n\n<figure class=\"wp-block-image size-full is-resized\"><img decoding=\"async\" loading=\"lazy\" src=\"http:\/\/pierreromain.pro\/wp-content\/uploads\/2023\/02\/images-2.png\" alt=\"\" class=\"wp-image-259\" width=\"435\" height=\"435\" srcset=\"https:\/\/pierreromain.pro\/wp-content\/uploads\/2023\/02\/images-2.png 225w, https:\/\/pierreromain.pro\/wp-content\/uploads\/2023\/02\/images-2-150x150.png 150w\" sizes=\"(max-width: 435px) 100vw, 435px\" \/><\/figure>\n\n\n\n<p><\/p>\n\n\n\n<p><\/p>\n\n\n\n<p>Cr\u00e9ateur, designer et d\u00e9veloppeur du projet de la Statue \u00a0\u00bb Porteuse de Canons \u00ab\u00a0.\u00a9<\/p>\n\n\n\n<figure class=\"wp-block-image size-full is-resized\"><img decoding=\"async\" loading=\"lazy\" src=\"http:\/\/pierreromain.pro\/wp-content\/uploads\/2023\/02\/Porteuse-de-canons-MV-\u00a9-1.jpg\" alt=\"\" class=\"wp-image-260\" width=\"434\" height=\"709\" srcset=\"https:\/\/pierreromain.pro\/wp-content\/uploads\/2023\/02\/Porteuse-de-canons-MV-\u00a9-1.jpg 243w, https:\/\/pierreromain.pro\/wp-content\/uploads\/2023\/02\/Porteuse-de-canons-MV-\u00a9-1-184x300.jpg 184w\" sizes=\"(max-width: 434px) 100vw, 434px\" \/><\/figure>\n\n\n\n<p><\/p>\n\n\n\n<p><\/p>\n\n\n\n<p>Repr\u00e9sentant lors de diverses \u00e9v\u00e8nements de Monsieur L\u00e9opold de Dorlodot de Moriam\u00e9, Ma\u00eetre Verrier et Bourgmestre \u00e0 Lodelinsart. <\/p>\n\n\n\n<figure class=\"wp-block-image size-full is-resized\"><img decoding=\"async\" loading=\"lazy\" src=\"http:\/\/pierreromain.pro\/wp-content\/uploads\/2023\/02\/FB_IMG_1664035060078.jpg\" alt=\"\" class=\"wp-image-267\" width=\"436\" height=\"653\" srcset=\"https:\/\/pierreromain.pro\/wp-content\/uploads\/2023\/02\/FB_IMG_1664035060078.jpg 641w, https:\/\/pierreromain.pro\/wp-content\/uploads\/2023\/02\/FB_IMG_1664035060078-200x300.jpg 200w\" sizes=\"(max-width: 436px) 100vw, 436px\" \/><\/figure>\n\n\n\n<p><\/p>\n\n\n\n<p><\/p>\n\n\n\n<figure class=\"wp-block-image size-large is-resized\"><img decoding=\"async\" loading=\"lazy\" src=\"http:\/\/pierreromain.pro\/wp-content\/uploads\/2023\/02\/FB_IMG_1674810281455-1-1024x910.jpg\" alt=\"\" class=\"wp-image-268\" width=\"435\" height=\"387\" srcset=\"https:\/\/pierreromain.pro\/wp-content\/uploads\/2023\/02\/FB_IMG_1674810281455-1-1024x910.jpg 1024w, https:\/\/pierreromain.pro\/wp-content\/uploads\/2023\/02\/FB_IMG_1674810281455-1-300x267.jpg 300w, https:\/\/pierreromain.pro\/wp-content\/uploads\/2023\/02\/FB_IMG_1674810281455-1-768x683.jpg 768w, https:\/\/pierreromain.pro\/wp-content\/uploads\/2023\/02\/FB_IMG_1674810281455-1.jpg 1080w\" sizes=\"(max-width: 435px) 100vw, 435px\" \/><\/figure>\n\n\n\n<p>et bien d&rsquo;autres &#8230;<\/p>\n\n\n\n<figure class=\"is-layout-flex wp-block-gallery-1 wp-block-gallery has-nested-images columns-default is-cropped\"><\/figure>\n","protected":false},"excerpt":{"rendered":"<p>Pr\u00e9sident de l&rsquo;asbl. Mise en lumi\u00e8re du pass\u00e9, du pr\u00e9sent et du futur du verre.\u00a9 Mise en lumi\u00e8re de Lodelinsart, Capitale Historique du Verre Belge.\u00a9 Gardien du Patrimoine Verrier Belge.\u00a9 Porteur de la M\u00e9moire du Verre Belge.\u00a9 Organisateur des Journ\u00e9es Europ\u00e9ennes du Patrimoine. Cr\u00e9ateur, designer et d\u00e9veloppeur du projet de [&hellip;]<\/p>\n","protected":false},"author":1,"featured_media":0,"parent":0,"menu_order":0,"comment_status":"closed","ping_status":"closed","template":"","meta":[],"_links":{"self":[{"href":"https:\/\/pierreromain.pro\/index.php\/wp-json\/wp\/v2\/pages\/250"}],"collection":[{"href":"https:\/\/pierreromain.pro\/index.php\/wp-json\/wp\/v2\/pages"}],"about":[{"href":"https:\/\/pierreromain.pro\/index.php\/wp-json\/wp\/v2\/types\/page"}],"author":[{"embeddable":true,"href":"https:\/\/pierreromain.pro\/index.php\/wp-json\/wp\/v2\/users\/1"}],"replies":[{"embeddable":true,"href":"https:\/\/pierreromain.pro\/index.php\/wp-json\/wp\/v2\/comments?post=250"}],"version-history":[{"count":11,"href":"https:\/\/pierreromain.pro\/index.php\/wp-json\/wp\/v2\/pages\/250\/revisions"}],"predecessor-version":[{"id":320,"href":"https:\/\/pierreromain.pro\/index.php\/wp-json\/wp\/v2\/pages\/250\/revisions\/320"}],"wp:attachment":[{"href":"https:\/\/pierreromain.pro\/index.php\/wp-json\/wp\/v2\/media?parent=250"}],"curies":[{"name":"wp","href":"https:\/\/api.w.org\/{rel}","templated":true}]}}

Asbl La Mémoire des Maîtres Verriers .be

<p><strong>Président de l&rsquo;asbl</strong>.</p>



<p></p>



<p>Mise en lumière du passé, du présent et du futur du verre.©</p>



<p>Mise en lumière de Lodelinsart, Capitale Historique du Verre Belge.©</p>



<p>Gardien du Patrimoine Verrier Belge.©</p>



<p>Porteur de la Mémoire du Verre Belge.©</p>



<p></p>



<figure class="wp-block-image size-full"><img decoding="async" loading="lazy" width="552" height="518" src="https://pierreromain.pro/wp-content/uploads/2025/09/542755744_1234763885359680_4075902918874750355_n.jpg" alt="" class="wp-image-319" srcset="https://pierreromain.pro/wp-content/uploads/2025/09/542755744_1234763885359680_4075902918874750355_n.jpg 552w, https://pierreromain.pro/wp-content/uploads/2025/09/542755744_1234763885359680_4075902918874750355_n-300x282.jpg 300w" sizes="(max-width: 552px) 100vw, 552px" /></figure>



<p></p>



<p>Organisateur des Journées Européennes du Patrimoine.</p>



<figure class="wp-block-image size-full is-resized"><img decoding="async" loading="lazy" src="http://pierreromain.pro/wp-content/uploads/2023/02/images-2.png" alt="" class="wp-image-259" width="435" height="435" srcset="https://pierreromain.pro/wp-content/uploads/2023/02/images-2.png 225w, https://pierreromain.pro/wp-content/uploads/2023/02/images-2-150x150.png 150w" sizes="(max-width: 435px) 100vw, 435px" /></figure>



<p></p>



<p></p>



<p>Créateur, designer et développeur du projet de la Statue  » Porteuse de Canons « .©</p>



<figure class="wp-block-image size-full is-resized"><img decoding="async" loading="lazy" src="http://pierreromain.pro/wp-content/uploads/2023/02/Porteuse-de-canons-MV-©-1.jpg" alt="" class="wp-image-260" width="434" height="709" srcset="https://pierreromain.pro/wp-content/uploads/2023/02/Porteuse-de-canons-MV-©-1.jpg 243w, https://pierreromain.pro/wp-content/uploads/2023/02/Porteuse-de-canons-MV-©-1-184x300.jpg 184w" sizes="(max-width: 434px) 100vw, 434px" /></figure>



<p></p>



<p></p>



<p>Représentant lors de diverses évènements de Monsieur Léopold de Dorlodot de Moriamé, Maître Verrier et Bourgmestre à Lodelinsart. </p>



<figure class="wp-block-image size-full is-resized"><img decoding="async" loading="lazy" src="http://pierreromain.pro/wp-content/uploads/2023/02/FB_IMG_1664035060078.jpg" alt="" class="wp-image-267" width="436" height="653" srcset="https://pierreromain.pro/wp-content/uploads/2023/02/FB_IMG_1664035060078.jpg 641w, https://pierreromain.pro/wp-content/uploads/2023/02/FB_IMG_1664035060078-200x300.jpg 200w" sizes="(max-width: 436px) 100vw, 436px" /></figure>



<p></p>



<p></p>



<figure class="wp-block-image size-large is-resized"><img decoding="async" loading="lazy" src="http://pierreromain.pro/wp-content/uploads/2023/02/FB_IMG_1674810281455-1-1024x910.jpg" alt="" class="wp-image-268" width="435" height="387" srcset="https://pierreromain.pro/wp-content/uploads/2023/02/FB_IMG_1674810281455-1-1024x910.jpg 1024w, https://pierreromain.pro/wp-content/uploads/2023/02/FB_IMG_1674810281455-1-300x267.jpg 300w, https://pierreromain.pro/wp-content/uploads/2023/02/FB_IMG_1674810281455-1-768x683.jpg 768w, https://pierreromain.pro/wp-content/uploads/2023/02/FB_IMG_1674810281455-1.jpg 1080w" sizes="(max-width: 435px) 100vw, 435px" /></figure>



<p>et bien d&rsquo;autres &#8230;</p>



<figure class="is-layout-flex wp-block-gallery-1 wp-block-gallery has-nested-images columns-default is-cropped"></figure>

<p>Président de l&rsquo;asbl. Mise en lumière du passé, du présent et du futur du verre.© Mise en lumière de Lodelinsart, Capitale Historique du Verre Belge.© Gardien du Patrimoine Verrier Belge.© Porteur de la Mémoire du Verre Belge.© Organisateur des Journées Européennes du Patrimoine. Créateur, designer et développeur du projet de [&hellip;]</p>
